{"id":34489,"date":"2020-10-21T10:44:26","date_gmt":"2020-10-21T08:44:26","guid":{"rendered":"https:\/\/energy-cities.eu\/board-member\/evangelos-evangelides\/"},"modified":"2024-10-21T14:01:06","modified_gmt":"2024-10-21T12:01:06","slug":"christine-kugler","status":"publish","type":"board_members","link":"https:\/\/energy-cities.eu\/fr\/administrateur\/christine-kugler\/","title":{"rendered":"Christine Kugler"},"content":{"rendered":"\n<p>Conseiller municipal<br>Cheffe du d\u00e9partement de la protection du climat et de l&rsquo;environnement<\/p>\n\n\n\n<p>N\u00e9e en 1971, Christine Kugler a \u00e9tudi\u00e9 les sciences administratives \u00e0 l&rsquo;universit\u00e9 de Constance. Elle a ensuite suivi des \u00e9tudes \u00e0 temps partiel sur le d\u00e9veloppement durable au Centre interdisciplinaire pour le d\u00e9veloppement durable et l&rsquo;environnement (CDE) de l&rsquo;Universit\u00e9 de Berne, en Suisse. Christine Kugler a \u00e9t\u00e9 \u00e9lue par le conseil municipal lors de l&rsquo;assembl\u00e9e g\u00e9n\u00e9rale de d\u00e9cembre 2020, et elle occupe le poste de chef du d\u00e9partement de la protection du climat et de l&rsquo;environnement depuis janvier 2021.<br>Le d\u00e9partement, nouvellement cr\u00e9\u00e9 en 2021, joue un r\u00f4le de premier plan dans la protection du climat, l&rsquo;adaptation au climat et la protection de l&rsquo;environnement et de la nature.<\/p>\n\n\n\n<p>Depuis 2002, Christine Kugler a occup\u00e9 divers postes de direction au sein de la soci\u00e9t\u00e9 d&rsquo;utilit\u00e9 publique (Stadtwerke M\u00fcnchen). Dans ce cadre, elle \u00e9tait responsable des piscines publiques depuis 2007, o\u00f9 elle a notamment introduit une empreinte CO\u2082 et un \u00e9quilibre du bien-\u00eatre public en conjonction avec une strat\u00e9gie globale de durabilit\u00e9.<\/p>\n\n\n\n<p><br><\/p>\n\n\n\n<p><br><\/p>\n\n\n\n<p><\/p>\n","protected":false},"excerpt":{"rendered":"<p>Conseiller municipalCheffe du d\u00e9partement de la protection du climat et de l&rsquo;environnement N\u00e9e en 1971, Christine Kugler a \u00e9tudi\u00e9 les sciences administratives \u00e0 l&rsquo;universit\u00e9 de <a href=\"https:\/\/energy-cities.eu\/fr\/administrateur\/christine-kugler\/\">[\u2026]<\/a><\/p>\n","protected":false},"author":30,"featured_media":72925,"template":"","acf":[],"yoast_head":"<!-- This site is optimized with the Yoast SEO plugin v18.8 - https:\/\/yoast.com\/wordpress\/plugins\/seo\/ -->\n<title>Christine Kugler - Energy Cities<\/title>\n<meta name=\"robots\" content=\"index, follow, max-snippet:-1, max-image-preview:large, max-video-preview:-1\" \/>\n<link rel=\"canonical\" href=\"https:\/\/energy-cities.eu\/fr\/administrateur\/christine-kugler\/\" \/>\n<meta property=\"og:locale\" content=\"fr_FR\" \/>\n<meta property=\"og:type\" content=\"article\" \/>\n<meta property=\"og:title\" content=\"Christine Kugler - Energy Cities\" \/>\n<meta property=\"og:description\" content=\"Conseiller municipalCheffe du d\u00e9partement de la protection du climat et de l&rsquo;environnement N\u00e9e en 1971, Christine Kugler a \u00e9tudi\u00e9 les sciences administratives \u00e0 l&rsquo;universit\u00e9 de [\u2026]\" \/>\n<meta property=\"og:url\" content=\"https:\/\/energy-cities.eu\/fr\/administrateur\/christine-kugler\/\" \/>\n<meta property=\"og:site_name\" content=\"Energy Cities\" \/>\n<meta property=\"article:publisher\" content=\"https:\/\/www.facebook.com\/energycities.eu\/\" \/>\n<meta property=\"article:modified_time\" content=\"2024-10-21T12:01:06+00:00\" \/>\n<meta property=\"og:image\" content=\"https:\/\/energy-cities.eu\/wp-content\/uploads\/2020\/10\/Christine_Kugler_web.jpg\" \/>\n\t<meta property=\"og:image:width\" content=\"1500\" \/>\n\t<meta property=\"og:image:height\" content=\"994\" \/>\n\t<meta property=\"og:image:type\" content=\"image\/jpeg\" \/>\n<meta name=\"twitter:card\" content=\"summary_large_image\" \/>\n<meta name=\"twitter:site\" content=\"@energycities\" \/>\n<meta name=\"twitter:label1\" content=\"Dur\u00e9e de lecture estim\u00e9e\" \/>\n\t<meta name=\"twitter:data1\" content=\"1 minute\" \/>\n<script type=\"application\/ld+json\" class=\"yoast-schema-graph\">{\"@context\":\"https:\/\/schema.org\",\"@graph\":[{\"@type\":\"Organization\",\"@id\":\"https:\/\/energy-cities.eu\/fr\/#organization\",\"name\":\"Energy Cities\",\"url\":\"https:\/\/energy-cities.eu\/fr\/\",\"sameAs\":[\"https:\/\/www.facebook.com\/energycities.eu\/\",\"https:\/\/www.youtube.com\/channel\/UChIHn2wF76JzuTbAjSMs0hQ\",\"https:\/\/fr.wikipedia.org\/wiki\/Energy_Cities\",\"https:\/\/twitter.com\/energycities\"],\"logo\":{\"@type\":\"ImageObject\",\"inLanguage\":\"fr-FR\",\"@id\":\"https:\/\/energy-cities.eu\/fr\/#\/schema\/logo\/image\/\",\"url\":\"https:\/\/energy-cities.eu\/wp-content\/uploads\/2019\/07\/energy-cities-couleur.jpg\",\"contentUrl\":\"https:\/\/energy-cities.eu\/wp-content\/uploads\/2019\/07\/energy-cities-couleur.jpg\",\"width\":3508,\"height\":2587,\"caption\":\"Energy Cities\"},\"image\":{\"@id\":\"https:\/\/energy-cities.eu\/fr\/#\/schema\/logo\/image\/\"}},{\"@type\":\"WebSite\",\"@id\":\"https:\/\/energy-cities.eu\/fr\/#website\",\"url\":\"https:\/\/energy-cities.eu\/fr\/\",\"name\":\"Energy Cities\",\"description\":\" The European learning community for future-proof cities\",\"publisher\":{\"@id\":\"https:\/\/energy-cities.eu\/fr\/#organization\"},\"potentialAction\":[{\"@type\":\"SearchAction\",\"target\":{\"@type\":\"EntryPoint\",\"urlTemplate\":\"https:\/\/energy-cities.eu\/fr\/?s={search_term_string}\"},\"query-input\":\"required name=search_term_string\"}],\"inLanguage\":\"fr-FR\"},{\"@type\":\"ImageObject\",\"inLanguage\":\"fr-FR\",\"@id\":\"https:\/\/energy-cities.eu\/fr\/administrateur\/christine-kugler\/#primaryimage\",\"url\":\"https:\/\/energy-cities.eu\/wp-content\/uploads\/2020\/10\/Christine_Kugler_web.jpg\",\"contentUrl\":\"https:\/\/energy-cities.eu\/wp-content\/uploads\/2020\/10\/Christine_Kugler_web.jpg\",\"width\":1500,\"height\":994,\"caption\":\"The Point of View Photography\"},{\"@type\":\"WebPage\",\"@id\":\"https:\/\/energy-cities.eu\/fr\/administrateur\/christine-kugler\/#webpage\",\"url\":\"https:\/\/energy-cities.eu\/fr\/administrateur\/christine-kugler\/\",\"name\":\"Christine Kugler - Energy Cities\",\"isPartOf\":{\"@id\":\"https:\/\/energy-cities.eu\/fr\/#website\"},\"primaryImageOfPage\":{\"@id\":\"https:\/\/energy-cities.eu\/fr\/administrateur\/christine-kugler\/#primaryimage\"},\"datePublished\":\"2020-10-21T08:44:26+00:00\",\"dateModified\":\"2024-10-21T12:01:06+00:00\",\"breadcrumb\":{\"@id\":\"https:\/\/energy-cities.eu\/fr\/administrateur\/christine-kugler\/#breadcrumb\"},\"inLanguage\":\"fr-FR\",\"potentialAction\":[{\"@type\":\"ReadAction\",\"target\":[\"https:\/\/energy-cities.eu\/fr\/administrateur\/christine-kugler\/\"]}]},{\"@type\":\"BreadcrumbList\",\"@id\":\"https:\/\/energy-cities.eu\/fr\/administrateur\/christine-kugler\/#breadcrumb\",\"itemListElement\":[{\"@type\":\"ListItem\",\"position\":1,\"name\":\"Home\",\"item\":\"https:\/\/energy-cities.eu\/fr\/nous-sommes-un-reseau-europeen-blabla\/\"},{\"@type\":\"ListItem\",\"position\":2,\"name\":\"Christine Kugler\"}]}]}<\/script>\n<!-- \/ Yoast SEO plugin. -->","yoast_head_json":{"title":"Christine Kugler - Energy Cities","robots":{"index":"index","follow":"follow","max-snippet":"max-snippet:-1","max-image-preview":"max-image-preview:large","max-video-preview":"max-video-preview:-1"},"canonical":"https:\/\/energy-cities.eu\/fr\/administrateur\/christine-kugler\/","og_locale":"fr_FR","og_type":"article","og_title":"Christine Kugler - Energy Cities","og_description":"Conseiller municipalCheffe du d\u00e9partement de la protection du climat et de l&rsquo;environnement N\u00e9e en 1971, Christine Kugler a \u00e9tudi\u00e9 les sciences administratives \u00e0 l&rsquo;universit\u00e9 de [\u2026]","og_url":"https:\/\/energy-cities.eu\/fr\/administrateur\/christine-kugler\/","og_site_name":"Energy Cities","article_publisher":"https:\/\/www.facebook.com\/energycities.eu\/","article_modified_time":"2024-10-21T12:01:06+00:00","og_image":[{"width":1500,"height":994,"url":"https:\/\/energy-cities.eu\/wp-content\/uploads\/2020\/10\/Christine_Kugler_web.jpg","type":"image\/jpeg"}],"twitter_card":"summary_large_image","twitter_site":"@energycities","twitter_misc":{"Dur\u00e9e de lecture estim\u00e9e":"1 minute"},"schema":{"@context":"https:\/\/schema.org","@graph":[{"@type":"Organization","@id":"https:\/\/energy-cities.eu\/fr\/#organization","name":"Energy Cities","url":"https:\/\/energy-cities.eu\/fr\/","sameAs":["https:\/\/www.facebook.com\/energycities.eu\/","https:\/\/www.youtube.com\/channel\/UChIHn2wF76JzuTbAjSMs0hQ","https:\/\/fr.wikipedia.org\/wiki\/Energy_Cities","https:\/\/twitter.com\/energycities"],"logo":{"@type":"ImageObject","inLanguage":"fr-FR","@id":"https:\/\/energy-cities.eu\/fr\/#\/schema\/logo\/image\/","url":"https:\/\/energy-cities.eu\/wp-content\/uploads\/2019\/07\/energy-cities-couleur.jpg","contentUrl":"https:\/\/energy-cities.eu\/wp-content\/uploads\/2019\/07\/energy-cities-couleur.jpg","width":3508,"height":2587,"caption":"Energy Cities"},"image":{"@id":"https:\/\/energy-cities.eu\/fr\/#\/schema\/logo\/image\/"}},{"@type":"WebSite","@id":"https:\/\/energy-cities.eu\/fr\/#website","url":"https:\/\/energy-cities.eu\/fr\/","name":"Energy Cities","description":" The European learning community for future-proof cities","publisher":{"@id":"https:\/\/energy-cities.eu\/fr\/#organization"},"potentialAction":[{"@type":"SearchAction","target":{"@type":"EntryPoint","urlTemplate":"https:\/\/energy-cities.eu\/fr\/?s={search_term_string}"},"query-input":"required name=search_term_string"}],"inLanguage":"fr-FR"},{"@type":"ImageObject","inLanguage":"fr-FR","@id":"https:\/\/energy-cities.eu\/fr\/administrateur\/christine-kugler\/#primaryimage","url":"https:\/\/energy-cities.eu\/wp-content\/uploads\/2020\/10\/Christine_Kugler_web.jpg","contentUrl":"https:\/\/energy-cities.eu\/wp-content\/uploads\/2020\/10\/Christine_Kugler_web.jpg","width":1500,"height":994,"caption":"The Point of View Photography"},{"@type":"WebPage","@id":"https:\/\/energy-cities.eu\/fr\/administrateur\/christine-kugler\/#webpage","url":"https:\/\/energy-cities.eu\/fr\/administrateur\/christine-kugler\/","name":"Christine Kugler - Energy Cities","isPartOf":{"@id":"https:\/\/energy-cities.eu\/fr\/#website"},"primaryImageOfPage":{"@id":"https:\/\/energy-cities.eu\/fr\/administrateur\/christine-kugler\/#primaryimage"},"datePublished":"2020-10-21T08:44:26+00:00","dateModified":"2024-10-21T12:01:06+00:00","breadcrumb":{"@id":"https:\/\/energy-cities.eu\/fr\/administrateur\/christine-kugler\/#breadcrumb"},"inLanguage":"fr-FR","potentialAction":[{"@type":"ReadAction","target":["https:\/\/energy-cities.eu\/fr\/administrateur\/christine-kugler\/"]}]},{"@type":"BreadcrumbList","@id":"https:\/\/energy-cities.eu\/fr\/administrateur\/christine-kugler\/#breadcrumb","itemListElement":[{"@type":"ListItem","position":1,"name":"Home","item":"https:\/\/energy-cities.eu\/fr\/nous-sommes-un-reseau-europeen-blabla\/"},{"@type":"ListItem","position":2,"name":"Christine Kugler"}]}]}},"featured_img":"https:\/\/energy-cities.eu\/wp-content\/uploads\/2020\/10\/Christine_Kugler_web.jpg","coauthors":[],"author_meta":{"author_link":"https:\/\/energy-cities.eu\/fr\/staff\/b-karas\/","display_name":"Beatrice Karas"},"relative_dates":{"created":"Publi\u00e9 6 ans il y a","modified":"Mis \u00e0 jour 2 ans il y a"},"absolute_dates":{"created":"Publi\u00e9 le 21 octobre 2020","modified":"Mise \u00e0 jour le 21 octobre 2024"},"absolute_dates_time":{"created":"Publi\u00e9 le 21 octobre 2020 10:44  ","modified":"Mise \u00e0 jour le 21 octobre 2024 2:01  "},"featured_img_caption":"The Point of View Photography","tax_additional":[],"_links":{"self":[{"href":"https:\/\/energy-cities.eu\/fr\/wp-json\/wp\/v2\/board_members\/34489"}],"collection":[{"href":"https:\/\/energy-cities.eu\/fr\/wp-json\/wp\/v2\/board_members"}],"about":[{"href":"https:\/\/energy-cities.eu\/fr\/wp-json\/wp\/v2\/types\/board_members"}],"author":[{"embeddable":true,"href":"https:\/\/energy-cities.eu\/fr\/wp-json\/wp\/v2\/users\/30"}],"version-history":[{"count":7,"href":"https:\/\/energy-cities.eu\/fr\/wp-json\/wp\/v2\/board_members\/34489\/revisions"}],"predecessor-version":[{"id":81645,"href":"https:\/\/energy-cities.eu\/fr\/wp-json\/wp\/v2\/board_members\/34489\/revisions\/81645"}],"wp:featuredmedia":[{"embeddable":true,"href":"https:\/\/energy-cities.eu\/fr\/wp-json\/wp\/v2\/media\/72925"}],"wp:attachment":[{"href":"https:\/\/energy-cities.eu\/fr\/wp-json\/wp\/v2\/media?parent=34489"}],"curies":[{"name":"wp","href":"https:\/\/api.w.org\/{rel}","templated":true}]}}

<p>Conseiller municipal<br>Cheffe du département de la protection du climat et de l&rsquo;environnement</p>



<p>Née en 1971, Christine Kugler a étudié les sciences administratives à l&rsquo;université de Constance. Elle a ensuite suivi des études à temps partiel sur le développement durable au Centre interdisciplinaire pour le développement durable et l&rsquo;environnement (CDE) de l&rsquo;Université de Berne, en Suisse. Christine Kugler a été élue par le conseil municipal lors de l&rsquo;assemblée générale de décembre 2020, et elle occupe le poste de chef du département de la protection du climat et de l&rsquo;environnement depuis janvier 2021.<br>Le département, nouvellement créé en 2021, joue un rôle de premier plan dans la protection du climat, l&rsquo;adaptation au climat et la protection de l&rsquo;environnement et de la nature.</p>



<p>Depuis 2002, Christine Kugler a occupé divers postes de direction au sein de la société d&rsquo;utilité publique (Stadtwerke München). Dans ce cadre, elle était responsable des piscines publiques depuis 2007, où elle a notamment introduit une empreinte CO₂ et un équilibre du bien-être public en conjonction avec une stratégie globale de durabilité.</p>



<p><br></p>



<p><br></p>



<p></p>

<p>Conseiller municipalCheffe du département de la protection du climat et de l&rsquo;environnement Née en 1971, Christine Kugler a étudié les sciences administratives à l&rsquo;université de <a href="https://energy-cities.eu/fr/administrateur/christine-kugler/">[…]</a></p>

<!-- This site is optimized with the Yoast SEO plugin v18.8 - https://yoast.com/wordpress/plugins/seo/ -->
<title>Christine Kugler - Energy Cities</title>
<meta name="robots" content="index, follow, max-snippet:-1, max-image-preview:large, max-video-preview:-1" />
<link rel="canonical" href="https://energy-cities.eu/fr/administrateur/christine-kugler/" />
<meta property="og:locale" content="fr_FR" />
<meta property="og:type" content="article" />
<meta property="og:title" content="Christine Kugler - Energy Cities" />
<meta property="og:description" content="Conseiller municipalCheffe du département de la protection du climat et de l&rsquo;environnement Née en 1971, Christine Kugler a étudié les sciences administratives à l&rsquo;université de […]" />
<meta property="og:url" content="https://energy-cities.eu/fr/administrateur/christine-kugler/" />
<meta property="og:site_name" content="Energy Cities" />
<meta property="article:publisher" content="https://www.facebook.com/energycities.eu/" />
<meta property="article:modified_time" content="2024-10-21T12:01:06+00:00" />
<meta property="og:image" content="https://energy-cities.eu/wp-content/uploads/2020/10/Christine_Kugler_web.jpg" />
	<meta property="og:image:width" content="1500" />
	<meta property="og:image:height" content="994" />
	<meta property="og:image:type" content="image/jpeg" />
<meta name="twitter:card" content="summary_large_image" />
<meta name="twitter:site" content="@energycities" />
<meta name="twitter:label1" content="Durée de lecture estimée" />
	<meta name="twitter:data1" content="1 minute" />
<script type="application/ld+json" class="yoast-schema-graph">{"@context":"https://schema.org","@graph":[{"@type":"Organization","@id":"https://energy-cities.eu/fr/#organization","name":"Energy Cities","url":"https://energy-cities.eu/fr/","sameAs":["https://www.facebook.com/energycities.eu/","https://www.youtube.com/channel/UChIHn2wF76JzuTbAjSMs0hQ","https://fr.wikipedia.org/wiki/Energy_Cities","https://twitter.com/energycities"],"logo":{"@type":"ImageObject","inLanguage":"fr-FR","@id":"https://energy-cities.eu/fr/#/schema/logo/image/","url":"https://energy-cities.eu/wp-content/uploads/2019/07/energy-cities-couleur.jpg","contentUrl":"https://energy-cities.eu/wp-content/uploads/2019/07/energy-cities-couleur.jpg","width":3508,"height":2587,"caption":"Energy Cities"},"image":{"@id":"https://energy-cities.eu/fr/#/schema/logo/image/"}},{"@type":"WebSite","@id":"https://energy-cities.eu/fr/#website","url":"https://energy-cities.eu/fr/","name":"Energy Cities","description":" The European learning community for future-proof cities","publisher":{"@id":"https://energy-cities.eu/fr/#organization"},"potentialAction":[{"@type":"SearchAction","target":{"@type":"EntryPoint","urlTemplate":"https://energy-cities.eu/fr/?s={search_term_string}"},"query-input":"required name=search_term_string"}],"inLanguage":"fr-FR"},{"@type":"ImageObject","inLanguage":"fr-FR","@id":"https://energy-cities.eu/fr/administrateur/christine-kugler/#primaryimage","url":"https://energy-cities.eu/wp-content/uploads/2020/10/Christine_Kugler_web.jpg","contentUrl":"https://energy-cities.eu/wp-content/uploads/2020/10/Christine_Kugler_web.jpg","width":1500,"height":994,"caption":"The Point of View Photography"},{"@type":"WebPage","@id":"https://energy-cities.eu/fr/administrateur/christine-kugler/#webpage","url":"https://energy-cities.eu/fr/administrateur/christine-kugler/","name":"Christine Kugler - Energy Cities","isPartOf":{"@id":"https://energy-cities.eu/fr/#website"},"primaryImageOfPage":{"@id":"https://energy-cities.eu/fr/administrateur/christine-kugler/#primaryimage"},"datePublished":"2020-10-21T08:44:26+00:00","dateModified":"2024-10-21T12:01:06+00:00","breadcrumb":{"@id":"https://energy-cities.eu/fr/administrateur/christine-kugler/#breadcrumb"},"inLanguage":"fr-FR","potentialAction":[{"@type":"ReadAction","target":["https://energy-cities.eu/fr/administrateur/christine-kugler/"]}]},{"@type":"BreadcrumbList","@id":"https://energy-cities.eu/fr/administrateur/christine-kugler/#breadcrumb","itemListElement":[{"@type":"ListItem","position":1,"name":"Home","item":"https://energy-cities.eu/fr/nous-sommes-un-reseau-europeen-blabla/"},{"@type":"ListItem","position":2,"name":"Christine Kugler"}]}]}</script>
<!-- / Yoast SEO plugin. -->

Conseiller municipalCheffe du département de la protection du climat et de l&rsquo;environnement Née en 1971, Christine Kugler a étudié les sciences administratives à l&rsquo;université de […]

Publié 6 ans il y a

Mis à jour 2 ans il y a

Publié le 21 octobre 2020

Mise à jour le 21 octobre 2024

Publié le 21 octobre 2020 10:44

Mise à jour le 21 octobre 2024 2:01
