{"id":93783,"date":"2026-03-10T08:52:44","date_gmt":"2026-03-10T07:52:44","guid":{"rendered":"https:\/\/energy-cities.eu\/?post_type=events&#038;p=93783"},"modified":"2026-03-10T08:52:45","modified_gmt":"2026-03-10T07:52:45","slug":"lancement-du-projet-be-share","status":"publish","type":"events","link":"https:\/\/energy-cities.eu\/fr\/evenement\/lancement-du-projet-be-share\/","title":{"rendered":"Lancement du projet Be.SHARE"},"content":{"rendered":"\n<p>En pr\u00e9sence d\u2019un orateur inspirant, de responsables europ\u00e9ens et r\u00e9gionaux, de professionnels du secteur et des r\u00e9seaux europ\u00e9ens, venez d\u00e9couvrir le projet, rencontrer ses partenaires et parties prenantes et profiter des occasions de r\u00e9seautage pendant le lunch et la visite sur site en apr\u00e8s-midi.<\/p>\n\n\n\n<p>La R\u00e9gion de Bruxelles-Capitale franchit une nouvelle \u00e9tape vers sa sortie des \u00e9nergies fossiles avec le lancement du projet pilote Be.SHARE. Ce projet europ\u00e9en consiste \u00e0 cr\u00e9er un r\u00e9seau innovant de chaleur et de froid neutre en carbone pour le quartier Nord.<\/p>\n\n\n\n<p><em>Be.SHARE b\u00e9n\u00e9ficie du soutien du programme European Urban Initiative (EUI) d\u00e9di\u00e9 \u00e0 la transition \u00e9nerg\u00e9tique et aux innovations urbaines.<\/em><\/p>\n\n\n\n<p><a href=\"https:\/\/environnement.brussels\/pro\/news\/2026\/le-22-avril-lancement-officiel-du-projet-europeen-beshare\" target=\"_blank\" rel=\"noreferrer noopener\">D\u00e9couvrez en plus sur le programme<\/a><\/p>\n\n\n\n<p><a href=\"https:\/\/environnement.brussels\/pro\/rejoignez-le-reseau-beshare-inscription?j=1669182&amp;sfmc_sub=518707279&amp;l=139_HTML&amp;u=65372945&amp;mid=510006018&amp;jb=1\" target=\"_blank\" rel=\"noreferrer noopener\">Inscrivez<\/a><a href=\"https:\/\/environnement.brussels\/pro\/rejoignez-le-reseau-beshare-inscription?j=1669182&amp;sfmc_sub=518707279&amp;l=139_HTML&amp;u=65372945&amp;mid=510006018&amp;jb=1\">-vous maintenant<\/a><\/p>\n","protected":false},"excerpt":{"rendered":"<p>En pr\u00e9sence d\u2019un orateur inspirant, de responsables europ\u00e9ens et r\u00e9gionaux, de professionnels du secteur et des r\u00e9seaux europ\u00e9ens, venez d\u00e9couvrir le projet, rencontrer ses partenaires <a href=\"https:\/\/energy-cities.eu\/fr\/evenement\/lancement-du-projet-be-share\/\">[\u2026]<\/a><\/p>\n","protected":false},"author":69,"featured_media":0,"template":"","tags":[],"hub":[308],"topic":[112,296,350],"event_type":[],"acf":[],"yoast_head":"<!-- This site is optimized with the Yoast SEO plugin v18.8 - https:\/\/yoast.com\/wordpress\/plugins\/seo\/ -->\n<title>Lancement du projet Be.SHARE - Energy Cities<\/title>\n<meta name=\"robots\" content=\"index, follow, max-snippet:-1, max-image-preview:large, max-video-preview:-1\" \/>\n<link rel=\"canonical\" href=\"https:\/\/energy-cities.eu\/fr\/evenement\/lancement-du-projet-be-share\/\" \/>\n<meta property=\"og:locale\" content=\"fr_FR\" \/>\n<meta property=\"og:type\" content=\"article\" \/>\n<meta property=\"og:title\" content=\"Lancement du projet Be.SHARE - Energy Cities\" \/>\n<meta property=\"og:description\" content=\"En pr\u00e9sence d\u2019un orateur inspirant, de responsables europ\u00e9ens et r\u00e9gionaux, de professionnels du secteur et des r\u00e9seaux europ\u00e9ens, venez d\u00e9couvrir le projet, rencontrer ses partenaires [\u2026]\" \/>\n<meta property=\"og:url\" content=\"https:\/\/energy-cities.eu\/fr\/evenement\/lancement-du-projet-be-share\/\" \/>\n<meta property=\"og:site_name\" content=\"Energy Cities\" \/>\n<meta property=\"article:publisher\" content=\"https:\/\/www.facebook.com\/energycities.eu\/\" \/>\n<meta property=\"article:modified_time\" content=\"2026-03-10T07:52:45+00:00\" \/>\n<meta property=\"og:image\" content=\"https:\/\/energy-cities.eu\/wp-content\/uploads\/2019\/07\/energy-cities-couleur.jpg\" \/>\n\t<meta property=\"og:image:width\" content=\"3508\" \/>\n\t<meta property=\"og:image:height\" content=\"2587\" \/>\n\t<meta property=\"og:image:type\" content=\"image\/jpeg\" \/>\n<meta name=\"twitter:card\" content=\"summary_large_image\" \/>\n<meta name=\"twitter:site\" content=\"@energycities\" \/>\n<meta name=\"twitter:label1\" content=\"Dur\u00e9e de lecture estim\u00e9e\" \/>\n\t<meta name=\"twitter:data1\" content=\"1 minute\" \/>\n<script type=\"application\/ld+json\" class=\"yoast-schema-graph\">{\"@context\":\"https:\/\/schema.org\",\"@graph\":[{\"@type\":\"Organization\",\"@id\":\"https:\/\/energy-cities.eu\/fr\/#organization\",\"name\":\"Energy Cities\",\"url\":\"https:\/\/energy-cities.eu\/fr\/\",\"sameAs\":[\"https:\/\/www.facebook.com\/energycities.eu\/\",\"https:\/\/www.youtube.com\/channel\/UChIHn2wF76JzuTbAjSMs0hQ\",\"https:\/\/fr.wikipedia.org\/wiki\/Energy_Cities\",\"https:\/\/twitter.com\/energycities\"],\"logo\":{\"@type\":\"ImageObject\",\"inLanguage\":\"fr-FR\",\"@id\":\"https:\/\/energy-cities.eu\/fr\/#\/schema\/logo\/image\/\",\"url\":\"https:\/\/energy-cities.eu\/wp-content\/uploads\/2019\/07\/energy-cities-couleur.jpg\",\"contentUrl\":\"https:\/\/energy-cities.eu\/wp-content\/uploads\/2019\/07\/energy-cities-couleur.jpg\",\"width\":3508,\"height\":2587,\"caption\":\"Energy Cities\"},\"image\":{\"@id\":\"https:\/\/energy-cities.eu\/fr\/#\/schema\/logo\/image\/\"}},{\"@type\":\"WebSite\",\"@id\":\"https:\/\/energy-cities.eu\/fr\/#website\",\"url\":\"https:\/\/energy-cities.eu\/fr\/\",\"name\":\"Energy Cities\",\"description\":\" The European learning community for future-proof cities\",\"publisher\":{\"@id\":\"https:\/\/energy-cities.eu\/fr\/#organization\"},\"potentialAction\":[{\"@type\":\"SearchAction\",\"target\":{\"@type\":\"EntryPoint\",\"urlTemplate\":\"https:\/\/energy-cities.eu\/fr\/?s={search_term_string}\"},\"query-input\":\"required name=search_term_string\"}],\"inLanguage\":\"fr-FR\"},{\"@type\":\"WebPage\",\"@id\":\"https:\/\/energy-cities.eu\/fr\/evenement\/lancement-du-projet-be-share\/#webpage\",\"url\":\"https:\/\/energy-cities.eu\/fr\/evenement\/lancement-du-projet-be-share\/\",\"name\":\"Lancement du projet Be.SHARE - Energy Cities\",\"isPartOf\":{\"@id\":\"https:\/\/energy-cities.eu\/fr\/#website\"},\"datePublished\":\"2026-03-10T07:52:44+00:00\",\"dateModified\":\"2026-03-10T07:52:45+00:00\",\"breadcrumb\":{\"@id\":\"https:\/\/energy-cities.eu\/fr\/evenement\/lancement-du-projet-be-share\/#breadcrumb\"},\"inLanguage\":\"fr-FR\",\"potentialAction\":[{\"@type\":\"ReadAction\",\"target\":[\"https:\/\/energy-cities.eu\/fr\/evenement\/lancement-du-projet-be-share\/\"]}]},{\"@type\":\"BreadcrumbList\",\"@id\":\"https:\/\/energy-cities.eu\/fr\/evenement\/lancement-du-projet-be-share\/#breadcrumb\",\"itemListElement\":[{\"@type\":\"ListItem\",\"position\":1,\"name\":\"Home\",\"item\":\"https:\/\/energy-cities.eu\/fr\/nous-sommes-un-reseau-europeen-blabla\/\"},{\"@type\":\"ListItem\",\"position\":2,\"name\":\"Lancement du projet Be.SHARE\"}]}]}<\/script>\n<!-- \/ Yoast SEO plugin. -->","yoast_head_json":{"title":"Lancement du projet Be.SHARE - Energy Cities","robots":{"index":"index","follow":"follow","max-snippet":"max-snippet:-1","max-image-preview":"max-image-preview:large","max-video-preview":"max-video-preview:-1"},"canonical":"https:\/\/energy-cities.eu\/fr\/evenement\/lancement-du-projet-be-share\/","og_locale":"fr_FR","og_type":"article","og_title":"Lancement du projet Be.SHARE - Energy Cities","og_description":"En pr\u00e9sence d\u2019un orateur inspirant, de responsables europ\u00e9ens et r\u00e9gionaux, de professionnels du secteur et des r\u00e9seaux europ\u00e9ens, venez d\u00e9couvrir le projet, rencontrer ses partenaires [\u2026]","og_url":"https:\/\/energy-cities.eu\/fr\/evenement\/lancement-du-projet-be-share\/","og_site_name":"Energy Cities","article_publisher":"https:\/\/www.facebook.com\/energycities.eu\/","article_modified_time":"2026-03-10T07:52:45+00:00","og_image":[{"width":3508,"height":2587,"url":"https:\/\/energy-cities.eu\/wp-content\/uploads\/2019\/07\/energy-cities-couleur.jpg","type":"image\/jpeg"}],"twitter_card":"summary_large_image","twitter_site":"@energycities","twitter_misc":{"Dur\u00e9e de lecture estim\u00e9e":"1 minute"},"schema":{"@context":"https:\/\/schema.org","@graph":[{"@type":"Organization","@id":"https:\/\/energy-cities.eu\/fr\/#organization","name":"Energy Cities","url":"https:\/\/energy-cities.eu\/fr\/","sameAs":["https:\/\/www.facebook.com\/energycities.eu\/","https:\/\/www.youtube.com\/channel\/UChIHn2wF76JzuTbAjSMs0hQ","https:\/\/fr.wikipedia.org\/wiki\/Energy_Cities","https:\/\/twitter.com\/energycities"],"logo":{"@type":"ImageObject","inLanguage":"fr-FR","@id":"https:\/\/energy-cities.eu\/fr\/#\/schema\/logo\/image\/","url":"https:\/\/energy-cities.eu\/wp-content\/uploads\/2019\/07\/energy-cities-couleur.jpg","contentUrl":"https:\/\/energy-cities.eu\/wp-content\/uploads\/2019\/07\/energy-cities-couleur.jpg","width":3508,"height":2587,"caption":"Energy Cities"},"image":{"@id":"https:\/\/energy-cities.eu\/fr\/#\/schema\/logo\/image\/"}},{"@type":"WebSite","@id":"https:\/\/energy-cities.eu\/fr\/#website","url":"https:\/\/energy-cities.eu\/fr\/","name":"Energy Cities","description":" The European learning community for future-proof cities","publisher":{"@id":"https:\/\/energy-cities.eu\/fr\/#organization"},"potentialAction":[{"@type":"SearchAction","target":{"@type":"EntryPoint","urlTemplate":"https:\/\/energy-cities.eu\/fr\/?s={search_term_string}"},"query-input":"required name=search_term_string"}],"inLanguage":"fr-FR"},{"@type":"WebPage","@id":"https:\/\/energy-cities.eu\/fr\/evenement\/lancement-du-projet-be-share\/#webpage","url":"https:\/\/energy-cities.eu\/fr\/evenement\/lancement-du-projet-be-share\/","name":"Lancement du projet Be.SHARE - Energy Cities","isPartOf":{"@id":"https:\/\/energy-cities.eu\/fr\/#website"},"datePublished":"2026-03-10T07:52:44+00:00","dateModified":"2026-03-10T07:52:45+00:00","breadcrumb":{"@id":"https:\/\/energy-cities.eu\/fr\/evenement\/lancement-du-projet-be-share\/#breadcrumb"},"inLanguage":"fr-FR","potentialAction":[{"@type":"ReadAction","target":["https:\/\/energy-cities.eu\/fr\/evenement\/lancement-du-projet-be-share\/"]}]},{"@type":"BreadcrumbList","@id":"https:\/\/energy-cities.eu\/fr\/evenement\/lancement-du-projet-be-share\/#breadcrumb","itemListElement":[{"@type":"ListItem","position":1,"name":"Home","item":"https:\/\/energy-cities.eu\/fr\/nous-sommes-un-reseau-europeen-blabla\/"},{"@type":"ListItem","position":2,"name":"Lancement du projet Be.SHARE"}]}]}},"featured_img":false,"coauthors":[],"author_meta":{"author_link":"https:\/\/energy-cities.eu\/fr\/staff\/e-lopes\/","display_name":"Eva Lopes"},"relative_dates":{"created":"Publi\u00e9 2 mois il y a","modified":"Mis \u00e0 jour 2 mois il y a"},"absolute_dates":{"created":"Publi\u00e9 le 10 mars 2026","modified":"Mise \u00e0 jour le 10 mars 2026"},"absolute_dates_time":{"created":"Publi\u00e9 le 10 mars 2026 8:52  ","modified":"Mise \u00e0 jour le 10 mars 2026 8:52  "},"featured_img_caption":"","tax_additional":{"post_tag":{"linked":[],"unlinked":[],"slug":"post_tag","name":"\u00c9tiquettes"},"hub":{"linked":["<a href=\"https:\/\/energy-cities.eu\/fr\/hub\/villes-zero-carbone\/\" class=\"advgb-post-tax-term\">Villes z\u00e9ro carbone<\/a>"],"unlinked":["<span class=\"advgb-post-tax-term\">Villes z\u00e9ro carbone<\/span>"],"slug":"hub","name":"Hubs"},"topic":{"linked":["<a href=\"https:\/\/energy-cities.eu\/fr\/th\u00e9matique\/chaleur-froid\/\" class=\"advgb-post-tax-term\">Chaleur &amp; Froid<\/a>","<a href=\"https:\/\/energy-cities.eu\/fr\/th\u00e9matique\/neutralite-climatique\/\" class=\"advgb-post-tax-term\">Neutralit\u00e9 climatique<\/a>","<a href=\"https:\/\/energy-cities.eu\/fr\/th\u00e9matique\/decarbonation-fr\/\" class=\"advgb-post-tax-term\">D\u00e9carbonation<\/a>"],"unlinked":["<span class=\"advgb-post-tax-term\">Chaleur &amp; Froid<\/span>","<span class=\"advgb-post-tax-term\">Neutralit\u00e9 climatique<\/span>","<span class=\"advgb-post-tax-term\">D\u00e9carbonation<\/span>"],"slug":"topic","name":"Topics"},"event_type":{"linked":[],"unlinked":[],"slug":"event_type","name":"Event Types"}},"_links":{"self":[{"href":"https:\/\/energy-cities.eu\/fr\/wp-json\/wp\/v2\/events\/93783"}],"collection":[{"href":"https:\/\/energy-cities.eu\/fr\/wp-json\/wp\/v2\/events"}],"about":[{"href":"https:\/\/energy-cities.eu\/fr\/wp-json\/wp\/v2\/types\/events"}],"author":[{"embeddable":true,"href":"https:\/\/energy-cities.eu\/fr\/wp-json\/wp\/v2\/users\/69"}],"version-history":[{"count":2,"href":"https:\/\/energy-cities.eu\/fr\/wp-json\/wp\/v2\/events\/93783\/revisions"}],"predecessor-version":[{"id":93785,"href":"https:\/\/energy-cities.eu\/fr\/wp-json\/wp\/v2\/events\/93783\/revisions\/93785"}],"wp:attachment":[{"href":"https:\/\/energy-cities.eu\/fr\/wp-json\/wp\/v2\/media?parent=93783"}],"wp:term":[{"taxonomy":"post_tag","embeddable":true,"href":"https:\/\/energy-cities.eu\/fr\/wp-json\/wp\/v2\/tags?post=93783"},{"taxonomy":"hub","embeddable":true,"href":"https:\/\/energy-cities.eu\/fr\/wp-json\/wp\/v2\/hub?post=93783"},{"taxonomy":"topic","embeddable":true,"href":"https:\/\/energy-cities.eu\/fr\/wp-json\/wp\/v2\/topic?post=93783"},{"taxonomy":"event_type","embeddable":true,"href":"https:\/\/energy-cities.eu\/fr\/wp-json\/wp\/v2\/event_type?post=93783"}],"curies":[{"name":"wp","href":"https:\/\/api.w.org\/{rel}","templated":true}]}}

<p>En présence d’un orateur inspirant, de responsables européens et régionaux, de professionnels du secteur et des réseaux européens, venez découvrir le projet, rencontrer ses partenaires et parties prenantes et profiter des occasions de réseautage pendant le lunch et la visite sur site en après-midi.</p>



<p>La Région de Bruxelles-Capitale franchit une nouvelle étape vers sa sortie des énergies fossiles avec le lancement du projet pilote Be.SHARE. Ce projet européen consiste à créer un réseau innovant de chaleur et de froid neutre en carbone pour le quartier Nord.</p>



<p><em>Be.SHARE bénéficie du soutien du programme European Urban Initiative (EUI) dédié à la transition énergétique et aux innovations urbaines.</em></p>



<p><a href="https://environnement.brussels/pro/news/2026/le-22-avril-lancement-officiel-du-projet-europeen-beshare" target="_blank" rel="noreferrer noopener">Découvrez en plus sur le programme</a></p>



<p><a href="https://environnement.brussels/pro/rejoignez-le-reseau-beshare-inscription?j=1669182&amp;sfmc_sub=518707279&amp;l=139_HTML&amp;u=65372945&amp;mid=510006018&amp;jb=1" target="_blank" rel="noreferrer noopener">Inscrivez</a><a href="https://environnement.brussels/pro/rejoignez-le-reseau-beshare-inscription?j=1669182&amp;sfmc_sub=518707279&amp;l=139_HTML&amp;u=65372945&amp;mid=510006018&amp;jb=1">-vous maintenant</a></p>

<p>En présence d’un orateur inspirant, de responsables européens et régionaux, de professionnels du secteur et des réseaux européens, venez découvrir le projet, rencontrer ses partenaires <a href="https://energy-cities.eu/fr/evenement/lancement-du-projet-be-share/">[…]</a></p>

<!-- This site is optimized with the Yoast SEO plugin v18.8 - https://yoast.com/wordpress/plugins/seo/ -->
<title>Lancement du projet Be.SHARE - Energy Cities</title>
<meta name="robots" content="index, follow, max-snippet:-1, max-image-preview:large, max-video-preview:-1" />
<link rel="canonical" href="https://energy-cities.eu/fr/evenement/lancement-du-projet-be-share/" />
<meta property="og:locale" content="fr_FR" />
<meta property="og:type" content="article" />
<meta property="og:title" content="Lancement du projet Be.SHARE - Energy Cities" />
<meta property="og:description" content="En présence d’un orateur inspirant, de responsables européens et régionaux, de professionnels du secteur et des réseaux européens, venez découvrir le projet, rencontrer ses partenaires […]" />
<meta property="og:url" content="https://energy-cities.eu/fr/evenement/lancement-du-projet-be-share/" />
<meta property="og:site_name" content="Energy Cities" />
<meta property="article:publisher" content="https://www.facebook.com/energycities.eu/" />
<meta property="article:modified_time" content="2026-03-10T07:52:45+00:00" />
<meta property="og:image" content="https://energy-cities.eu/wp-content/uploads/2019/07/energy-cities-couleur.jpg" />
	<meta property="og:image:width" content="3508" />
	<meta property="og:image:height" content="2587" />
	<meta property="og:image:type" content="image/jpeg" />
<meta name="twitter:card" content="summary_large_image" />
<meta name="twitter:site" content="@energycities" />
<meta name="twitter:label1" content="Durée de lecture estimée" />
	<meta name="twitter:data1" content="1 minute" />
<script type="application/ld+json" class="yoast-schema-graph">{"@context":"https://schema.org","@graph":[{"@type":"Organization","@id":"https://energy-cities.eu/fr/#organization","name":"Energy Cities","url":"https://energy-cities.eu/fr/","sameAs":["https://www.facebook.com/energycities.eu/","https://www.youtube.com/channel/UChIHn2wF76JzuTbAjSMs0hQ","https://fr.wikipedia.org/wiki/Energy_Cities","https://twitter.com/energycities"],"logo":{"@type":"ImageObject","inLanguage":"fr-FR","@id":"https://energy-cities.eu/fr/#/schema/logo/image/","url":"https://energy-cities.eu/wp-content/uploads/2019/07/energy-cities-couleur.jpg","contentUrl":"https://energy-cities.eu/wp-content/uploads/2019/07/energy-cities-couleur.jpg","width":3508,"height":2587,"caption":"Energy Cities"},"image":{"@id":"https://energy-cities.eu/fr/#/schema/logo/image/"}},{"@type":"WebSite","@id":"https://energy-cities.eu/fr/#website","url":"https://energy-cities.eu/fr/","name":"Energy Cities","description":" The European learning community for future-proof cities","publisher":{"@id":"https://energy-cities.eu/fr/#organization"},"potentialAction":[{"@type":"SearchAction","target":{"@type":"EntryPoint","urlTemplate":"https://energy-cities.eu/fr/?s={search_term_string}"},"query-input":"required name=search_term_string"}],"inLanguage":"fr-FR"},{"@type":"WebPage","@id":"https://energy-cities.eu/fr/evenement/lancement-du-projet-be-share/#webpage","url":"https://energy-cities.eu/fr/evenement/lancement-du-projet-be-share/","name":"Lancement du projet Be.SHARE - Energy Cities","isPartOf":{"@id":"https://energy-cities.eu/fr/#website"},"datePublished":"2026-03-10T07:52:44+00:00","dateModified":"2026-03-10T07:52:45+00:00","breadcrumb":{"@id":"https://energy-cities.eu/fr/evenement/lancement-du-projet-be-share/#breadcrumb"},"inLanguage":"fr-FR","potentialAction":[{"@type":"ReadAction","target":["https://energy-cities.eu/fr/evenement/lancement-du-projet-be-share/"]}]},{"@type":"BreadcrumbList","@id":"https://energy-cities.eu/fr/evenement/lancement-du-projet-be-share/#breadcrumb","itemListElement":[{"@type":"ListItem","position":1,"name":"Home","item":"https://energy-cities.eu/fr/nous-sommes-un-reseau-europeen-blabla/"},{"@type":"ListItem","position":2,"name":"Lancement du projet Be.SHARE"}]}]}</script>
<!-- / Yoast SEO plugin. -->

En présence d’un orateur inspirant, de responsables européens et régionaux, de professionnels du secteur et des réseaux européens, venez découvrir le projet, rencontrer ses partenaires […]

Publié 2 mois il y a

Mis à jour 2 mois il y a

Publié le 10 mars 2026

Mise à jour le 10 mars 2026

Publié le 10 mars 2026 8:52

Mise à jour le 10 mars 2026 8:52

Étiquettes

<a href="https://energy-cities.eu/fr/hub/villes-zero-carbone/" class="advgb-post-tax-term">Villes zéro carbone</a>

<span class="advgb-post-tax-term">Villes zéro carbone</span>

<a href="https://energy-cities.eu/fr/thématique/chaleur-froid/" class="advgb-post-tax-term">Chaleur &amp; Froid</a>

<a href="https://energy-cities.eu/fr/thématique/neutralite-climatique/" class="advgb-post-tax-term">Neutralité climatique</a>

<a href="https://energy-cities.eu/fr/thématique/decarbonation-fr/" class="advgb-post-tax-term">Décarbonation</a>

<span class="advgb-post-tax-term">Neutralité climatique</span>

<span class="advgb-post-tax-term">Décarbonation</span>
