{"id":7917,"date":"2018-12-05T10:40:10","date_gmt":"2018-12-05T10:40:10","guid":{"rendered":"http:\/\/ec.kuusi.ovh\/?post_type=members&#038;p=7917"},"modified":"2019-06-27T16:36:26","modified_gmt":"2019-06-27T14:36:26","slug":"ville-de-montmelian","status":"publish","type":"members","link":"https:\/\/energy-cities.eu\/fr\/membre\/ville-de-montmelian\/","title":{"rendered":"Ville de Montm\u00e9lian"},"content":{"rendered":"\n<p>Pionni\u00e8re de l\u2019\u00e9nergie solaire qu\u2019elle d\u00e9veloppe depuis plus de trente ans, la Ville de Montm\u00e9lian est <strong>labellis\u00e9e Cit\u2019ergie depuis 2007<\/strong>.  Elle est l\u2019une des quatre premi\u00e8res collectivit\u00e9s locales fran\u00e7aises \u00e0  avoir obtenu ce label qui r\u00e9compense la mise en oeuvre d\u2019une politique  \u00e9nergie\/climat exemplaire. La Ville s\u2019est vu remettre le <strong>Grand Prix Europ\u00e9en de l\u2019Urbanisme <\/strong> en mai 2014 pour son projet d\u2019\u00e9co-quartier solaire du Triangle Sud (800 logements) et, le 14 octobre 2014  \u00e0 P\u00e9kin, le <strong>Prix Solar Heating &amp; Cooling 2014<\/strong>  par l\u2019Agence Internationale de l\u2019Energie \u00ab\u00a0<em>pour 30 ans d\u2019une politique remarquable dans le domaine du solaire thermique\u00a0\u00bb<\/em>.<\/p>\n\n\n\n<p><strong>Label Cit&rsquo;ergie<\/strong><\/p>\n\n\n\n<p>Depuis  2007,  Cit\u2019ergie  a  permis  \u00e0  la  Ville  de  valoriser  la  politique  ambitieuse men\u00e9e depuis le d\u00e9but des ann\u00e9es 1980. L\u2019exigence du label a conduit  Montm\u00e9lian \u00e0 aller encore plus loin avec la r\u00e9daction d\u2019objectifs plus pr\u00e9cis et ambitieux dans les domaines couverts par le label.Cela a n\u00e9cessit\u00e9 la mobilisation de l\u2019ensemble des \u00e9lus et des services autour du projet, avec une organisation adapt\u00e9e et la mise en \u0153uvre d\u2019une communication renforc\u00e9e aupr\u00e8s de la population.Pour  ce  deuxi\u00e8me  renouvellement  de  labellisation,  la  commune  mobilise  l\u2019ensemble  des  acteurs  du  territoire  autour  d\u2019elle  pour  r\u00e9ussir les programmes engag\u00e9s. <\/p>\n\n\n\n<p><em>source : <\/em><a href=\"http:\/\/www.montmelian.com\/decouvrir-montmelian\/Environnement\/\"><em>http:\/\/www.montmelian.com\/decouvrir-montmelian\/Environnement\/<\/em><\/a><em> &#8211; https:\/\/citergie.ademe.fr <\/em><\/p>\n","protected":false},"author":30,"featured_media":17412,"template":"","countries":[87],"acf":[],"yoast_head":"<!-- This site is optimized with the Yoast SEO plugin v18.8 - https:\/\/yoast.com\/wordpress\/plugins\/seo\/ -->\n<title>Ville de Montm\u00e9lian - Energy Cities<\/title>\n<meta name=\"robots\" content=\"index, follow, max-snippet:-1, max-image-preview:large, max-video-preview:-1\" \/>\n<link rel=\"canonical\" href=\"https:\/\/energy-cities.eu\/fr\/membre\/ville-de-montmelian\/\" \/>\n<meta property=\"og:locale\" content=\"fr_FR\" \/>\n<meta property=\"og:type\" content=\"article\" \/>\n<meta property=\"og:title\" content=\"Ville de Montm\u00e9lian - Energy Cities\" \/>\n<meta property=\"og:description\" content=\"Pionni\u00e8re de l\u2019\u00e9nergie solaire qu\u2019elle d\u00e9veloppe depuis plus de trente ans, la Ville de Montm\u00e9lian est labellis\u00e9e Cit\u2019ergie depuis 2007. Elle est l\u2019une des quatre [\u2026]\" \/>\n<meta property=\"og:url\" content=\"https:\/\/energy-cities.eu\/fr\/membre\/ville-de-montmelian\/\" \/>\n<meta property=\"og:site_name\" content=\"Energy Cities\" \/>\n<meta property=\"article:publisher\" content=\"https:\/\/www.facebook.com\/energycities.eu\/\" \/>\n<meta property=\"article:modified_time\" content=\"2019-06-27T14:36:26+00:00\" \/>\n<meta property=\"og:image\" content=\"https:\/\/energy-cities.eu\/wp-content\/uploads\/2018\/12\/Florian-P\u00e9pellin_Vieux_Montm\u00e9lian_vue_a\u00e9rienne-2000x500.jpg\" \/>\n\t<meta property=\"og:image:width\" content=\"2000\" \/>\n\t<meta property=\"og:image:height\" content=\"500\" \/>\n\t<meta property=\"og:image:type\" content=\"image\/jpeg\" \/>\n<meta name=\"twitter:card\" content=\"summary_large_image\" \/>\n<meta name=\"twitter:site\" content=\"@energycities\" \/>\n<meta name=\"twitter:label1\" content=\"Dur\u00e9e de lecture estim\u00e9e\" \/>\n\t<meta name=\"twitter:data1\" content=\"1 minute\" \/>\n<script type=\"application\/ld+json\" class=\"yoast-schema-graph\">{\"@context\":\"https:\/\/schema.org\",\"@graph\":[{\"@type\":\"Organization\",\"@id\":\"https:\/\/energy-cities.eu\/fr\/#organization\",\"name\":\"Energy Cities\",\"url\":\"https:\/\/energy-cities.eu\/fr\/\",\"sameAs\":[\"https:\/\/www.facebook.com\/energycities.eu\/\",\"https:\/\/www.youtube.com\/channel\/UChIHn2wF76JzuTbAjSMs0hQ\",\"https:\/\/fr.wikipedia.org\/wiki\/Energy_Cities\",\"https:\/\/twitter.com\/energycities\"],\"logo\":{\"@type\":\"ImageObject\",\"inLanguage\":\"fr-FR\",\"@id\":\"https:\/\/energy-cities.eu\/fr\/#\/schema\/logo\/image\/\",\"url\":\"https:\/\/energy-cities.eu\/wp-content\/uploads\/2019\/07\/energy-cities-couleur.jpg\",\"contentUrl\":\"https:\/\/energy-cities.eu\/wp-content\/uploads\/2019\/07\/energy-cities-couleur.jpg\",\"width\":3508,\"height\":2587,\"caption\":\"Energy Cities\"},\"image\":{\"@id\":\"https:\/\/energy-cities.eu\/fr\/#\/schema\/logo\/image\/\"}},{\"@type\":\"WebSite\",\"@id\":\"https:\/\/energy-cities.eu\/fr\/#website\",\"url\":\"https:\/\/energy-cities.eu\/fr\/\",\"name\":\"Energy Cities\",\"description\":\" The European learning community for future-proof cities\",\"publisher\":{\"@id\":\"https:\/\/energy-cities.eu\/fr\/#organization\"},\"potentialAction\":[{\"@type\":\"SearchAction\",\"target\":{\"@type\":\"EntryPoint\",\"urlTemplate\":\"https:\/\/energy-cities.eu\/fr\/?s={search_term_string}\"},\"query-input\":\"required name=search_term_string\"}],\"inLanguage\":\"fr-FR\"},{\"@type\":\"ImageObject\",\"inLanguage\":\"fr-FR\",\"@id\":\"https:\/\/energy-cities.eu\/fr\/membre\/ville-de-montmelian\/#primaryimage\",\"url\":\"https:\/\/energy-cities.eu\/wp-content\/uploads\/2018\/12\/Florian-P\u00e9pellin_Vieux_Montm\u00e9lian_vue_a\u00e9rienne-2000x500.jpg\",\"contentUrl\":\"https:\/\/energy-cities.eu\/wp-content\/uploads\/2018\/12\/Florian-P\u00e9pellin_Vieux_Montm\u00e9lian_vue_a\u00e9rienne-2000x500.jpg\",\"width\":2000,\"height\":500,\"caption\":\"\u00a9\"},{\"@type\":\"WebPage\",\"@id\":\"https:\/\/energy-cities.eu\/fr\/membre\/ville-de-montmelian\/#webpage\",\"url\":\"https:\/\/energy-cities.eu\/fr\/membre\/ville-de-montmelian\/\",\"name\":\"Ville de Montm\u00e9lian - Energy Cities\",\"isPartOf\":{\"@id\":\"https:\/\/energy-cities.eu\/fr\/#website\"},\"primaryImageOfPage\":{\"@id\":\"https:\/\/energy-cities.eu\/fr\/membre\/ville-de-montmelian\/#primaryimage\"},\"datePublished\":\"2018-12-05T10:40:10+00:00\",\"dateModified\":\"2019-06-27T14:36:26+00:00\",\"breadcrumb\":{\"@id\":\"https:\/\/energy-cities.eu\/fr\/membre\/ville-de-montmelian\/#breadcrumb\"},\"inLanguage\":\"fr-FR\",\"potentialAction\":[{\"@type\":\"ReadAction\",\"target\":[\"https:\/\/energy-cities.eu\/fr\/membre\/ville-de-montmelian\/\"]}]},{\"@type\":\"BreadcrumbList\",\"@id\":\"https:\/\/energy-cities.eu\/fr\/membre\/ville-de-montmelian\/#breadcrumb\",\"itemListElement\":[{\"@type\":\"ListItem\",\"position\":1,\"name\":\"Home\",\"item\":\"https:\/\/energy-cities.eu\/fr\/nous-sommes-un-reseau-europeen-blabla\/\"},{\"@type\":\"ListItem\",\"position\":2,\"name\":\"Ville de Montm\u00e9lian\"}]}]}<\/script>\n<!-- \/ Yoast SEO plugin. -->","yoast_head_json":{"title":"Ville de Montm\u00e9lian - Energy Cities","robots":{"index":"index","follow":"follow","max-snippet":"max-snippet:-1","max-image-preview":"max-image-preview:large","max-video-preview":"max-video-preview:-1"},"canonical":"https:\/\/energy-cities.eu\/fr\/membre\/ville-de-montmelian\/","og_locale":"fr_FR","og_type":"article","og_title":"Ville de Montm\u00e9lian - Energy Cities","og_description":"Pionni\u00e8re de l\u2019\u00e9nergie solaire qu\u2019elle d\u00e9veloppe depuis plus de trente ans, la Ville de Montm\u00e9lian est labellis\u00e9e Cit\u2019ergie depuis 2007. Elle est l\u2019une des quatre [\u2026]","og_url":"https:\/\/energy-cities.eu\/fr\/membre\/ville-de-montmelian\/","og_site_name":"Energy Cities","article_publisher":"https:\/\/www.facebook.com\/energycities.eu\/","article_modified_time":"2019-06-27T14:36:26+00:00","og_image":[{"width":2000,"height":500,"url":"https:\/\/energy-cities.eu\/wp-content\/uploads\/2018\/12\/Florian-P\u00e9pellin_Vieux_Montm\u00e9lian_vue_a\u00e9rienne-2000x500.jpg","type":"image\/jpeg"}],"twitter_card":"summary_large_image","twitter_site":"@energycities","twitter_misc":{"Dur\u00e9e de lecture estim\u00e9e":"1 minute"},"schema":{"@context":"https:\/\/schema.org","@graph":[{"@type":"Organization","@id":"https:\/\/energy-cities.eu\/fr\/#organization","name":"Energy Cities","url":"https:\/\/energy-cities.eu\/fr\/","sameAs":["https:\/\/www.facebook.com\/energycities.eu\/","https:\/\/www.youtube.com\/channel\/UChIHn2wF76JzuTbAjSMs0hQ","https:\/\/fr.wikipedia.org\/wiki\/Energy_Cities","https:\/\/twitter.com\/energycities"],"logo":{"@type":"ImageObject","inLanguage":"fr-FR","@id":"https:\/\/energy-cities.eu\/fr\/#\/schema\/logo\/image\/","url":"https:\/\/energy-cities.eu\/wp-content\/uploads\/2019\/07\/energy-cities-couleur.jpg","contentUrl":"https:\/\/energy-cities.eu\/wp-content\/uploads\/2019\/07\/energy-cities-couleur.jpg","width":3508,"height":2587,"caption":"Energy Cities"},"image":{"@id":"https:\/\/energy-cities.eu\/fr\/#\/schema\/logo\/image\/"}},{"@type":"WebSite","@id":"https:\/\/energy-cities.eu\/fr\/#website","url":"https:\/\/energy-cities.eu\/fr\/","name":"Energy Cities","description":" The European learning community for future-proof cities","publisher":{"@id":"https:\/\/energy-cities.eu\/fr\/#organization"},"potentialAction":[{"@type":"SearchAction","target":{"@type":"EntryPoint","urlTemplate":"https:\/\/energy-cities.eu\/fr\/?s={search_term_string}"},"query-input":"required name=search_term_string"}],"inLanguage":"fr-FR"},{"@type":"ImageObject","inLanguage":"fr-FR","@id":"https:\/\/energy-cities.eu\/fr\/membre\/ville-de-montmelian\/#primaryimage","url":"https:\/\/energy-cities.eu\/wp-content\/uploads\/2018\/12\/Florian-P\u00e9pellin_Vieux_Montm\u00e9lian_vue_a\u00e9rienne-2000x500.jpg","contentUrl":"https:\/\/energy-cities.eu\/wp-content\/uploads\/2018\/12\/Florian-P\u00e9pellin_Vieux_Montm\u00e9lian_vue_a\u00e9rienne-2000x500.jpg","width":2000,"height":500,"caption":"\u00a9"},{"@type":"WebPage","@id":"https:\/\/energy-cities.eu\/fr\/membre\/ville-de-montmelian\/#webpage","url":"https:\/\/energy-cities.eu\/fr\/membre\/ville-de-montmelian\/","name":"Ville de Montm\u00e9lian - Energy Cities","isPartOf":{"@id":"https:\/\/energy-cities.eu\/fr\/#website"},"primaryImageOfPage":{"@id":"https:\/\/energy-cities.eu\/fr\/membre\/ville-de-montmelian\/#primaryimage"},"datePublished":"2018-12-05T10:40:10+00:00","dateModified":"2019-06-27T14:36:26+00:00","breadcrumb":{"@id":"https:\/\/energy-cities.eu\/fr\/membre\/ville-de-montmelian\/#breadcrumb"},"inLanguage":"fr-FR","potentialAction":[{"@type":"ReadAction","target":["https:\/\/energy-cities.eu\/fr\/membre\/ville-de-montmelian\/"]}]},{"@type":"BreadcrumbList","@id":"https:\/\/energy-cities.eu\/fr\/membre\/ville-de-montmelian\/#breadcrumb","itemListElement":[{"@type":"ListItem","position":1,"name":"Home","item":"https:\/\/energy-cities.eu\/fr\/nous-sommes-un-reseau-europeen-blabla\/"},{"@type":"ListItem","position":2,"name":"Ville de Montm\u00e9lian"}]}]}},"featured_img":"https:\/\/energy-cities.eu\/wp-content\/uploads\/2018\/12\/Florian-P\u00e9pellin_Vieux_Montm\u00e9lian_vue_a\u00e9rienne-2000x500.jpg","coauthors":[],"author_meta":{"author_link":"https:\/\/energy-cities.eu\/fr\/staff\/b-karas\/","display_name":"Beatrice Karas"},"relative_dates":{"created":"Publi\u00e9 7 ans il y a","modified":"Mis \u00e0 jour 7 ans il y a"},"absolute_dates":{"created":"Publi\u00e9 le 05 d\u00e9cembre 2018","modified":"Mise \u00e0 jour le 27 juin 2019"},"absolute_dates_time":{"created":"Publi\u00e9 le 05 d\u00e9cembre 2018 10:40  ","modified":"Mise \u00e0 jour le 27 juin 2019 4:36  "},"featured_img_caption":"\u00a9","tax_additional":{"countries":{"linked":["<a href=\"https:\/\/energy-cities.eu\/fr\/countries\/france-fr\/\" class=\"advgb-post-tax-term\">France<\/a>"],"unlinked":["<span class=\"advgb-post-tax-term\">France<\/span>"],"slug":"countries","name":"Countries"}},"_links":{"self":[{"href":"https:\/\/energy-cities.eu\/fr\/wp-json\/wp\/v2\/members\/7917"}],"collection":[{"href":"https:\/\/energy-cities.eu\/fr\/wp-json\/wp\/v2\/members"}],"about":[{"href":"https:\/\/energy-cities.eu\/fr\/wp-json\/wp\/v2\/types\/members"}],"author":[{"embeddable":true,"href":"https:\/\/energy-cities.eu\/fr\/wp-json\/wp\/v2\/users\/30"}],"version-history":[{"count":3,"href":"https:\/\/energy-cities.eu\/fr\/wp-json\/wp\/v2\/members\/7917\/revisions"}],"predecessor-version":[{"id":21692,"href":"https:\/\/energy-cities.eu\/fr\/wp-json\/wp\/v2\/members\/7917\/revisions\/21692"}],"wp:featuredmedia":[{"embeddable":true,"href":"https:\/\/energy-cities.eu\/fr\/wp-json\/wp\/v2\/media\/17412"}],"wp:attachment":[{"href":"https:\/\/energy-cities.eu\/fr\/wp-json\/wp\/v2\/media?parent=7917"}],"wp:term":[{"taxonomy":"countries","embeddable":true,"href":"https:\/\/energy-cities.eu\/fr\/wp-json\/wp\/v2\/countries?post=7917"}],"curies":[{"name":"wp","href":"https:\/\/api.w.org\/{rel}","templated":true}]}}

Ville de Montmélian

<p>Pionnière de l’énergie solaire qu’elle développe depuis plus de trente ans, la Ville de Montmélian est <strong>labellisée Cit’ergie depuis 2007</strong>.  Elle est l’une des quatre premières collectivités locales françaises à  avoir obtenu ce label qui récompense la mise en oeuvre d’une politique  énergie/climat exemplaire. La Ville s’est vu remettre le <strong>Grand Prix Européen de l’Urbanisme </strong> en mai 2014 pour son projet d’éco-quartier solaire du Triangle Sud (800 logements) et, le 14 octobre 2014  à Pékin, le <strong>Prix Solar Heating &amp; Cooling 2014</strong>  par l’Agence Internationale de l’Energie « <em>pour 30 ans d’une politique remarquable dans le domaine du solaire thermique »</em>.</p>



<p><strong>Label Cit&rsquo;ergie</strong></p>



<p>Depuis  2007,  Cit’ergie  a  permis  à  la  Ville  de  valoriser  la  politique  ambitieuse menée depuis le début des années 1980. L’exigence du label a conduit  Montmélian à aller encore plus loin avec la rédaction d’objectifs plus précis et ambitieux dans les domaines couverts par le label.Cela a nécessité la mobilisation de l’ensemble des élus et des services autour du projet, avec une organisation adaptée et la mise en œuvre d’une communication renforcée auprès de la population.Pour  ce  deuxième  renouvellement  de  labellisation,  la  commune  mobilise  l’ensemble  des  acteurs  du  territoire  autour  d’elle  pour  réussir les programmes engagés. </p>



<p><em>source : </em><a href="http://www.montmelian.com/decouvrir-montmelian/Environnement/"><em>http://www.montmelian.com/decouvrir-montmelian/Environnement/</em></a><em> &#8211; https://citergie.ademe.fr </em></p>

<!-- This site is optimized with the Yoast SEO plugin v18.8 - https://yoast.com/wordpress/plugins/seo/ -->
<title>Ville de Montmélian - Energy Cities</title>
<meta name="robots" content="index, follow, max-snippet:-1, max-image-preview:large, max-video-preview:-1" />
<link rel="canonical" href="https://energy-cities.eu/fr/membre/ville-de-montmelian/" />
<meta property="og:locale" content="fr_FR" />
<meta property="og:type" content="article" />
<meta property="og:title" content="Ville de Montmélian - Energy Cities" />
<meta property="og:description" content="Pionnière de l’énergie solaire qu’elle développe depuis plus de trente ans, la Ville de Montmélian est labellisée Cit’ergie depuis 2007. Elle est l’une des quatre […]" />
<meta property="og:url" content="https://energy-cities.eu/fr/membre/ville-de-montmelian/" />
<meta property="og:site_name" content="Energy Cities" />
<meta property="article:publisher" content="https://www.facebook.com/energycities.eu/" />
<meta property="article:modified_time" content="2019-06-27T14:36:26+00:00" />
<meta property="og:image" content="https://energy-cities.eu/wp-content/uploads/2018/12/Florian-Pépellin_Vieux_Montmélian_vue_aérienne-2000x500.jpg" />
	<meta property="og:image:width" content="2000" />
	<meta property="og:image:height" content="500" />
	<meta property="og:image:type" content="image/jpeg" />
<meta name="twitter:card" content="summary_large_image" />
<meta name="twitter:site" content="@energycities" />
<meta name="twitter:label1" content="Durée de lecture estimée" />
	<meta name="twitter:data1" content="1 minute" />
<script type="application/ld+json" class="yoast-schema-graph">{"@context":"https://schema.org","@graph":[{"@type":"Organization","@id":"https://energy-cities.eu/fr/#organization","name":"Energy Cities","url":"https://energy-cities.eu/fr/","sameAs":["https://www.facebook.com/energycities.eu/","https://www.youtube.com/channel/UChIHn2wF76JzuTbAjSMs0hQ","https://fr.wikipedia.org/wiki/Energy_Cities","https://twitter.com/energycities"],"logo":{"@type":"ImageObject","inLanguage":"fr-FR","@id":"https://energy-cities.eu/fr/#/schema/logo/image/","url":"https://energy-cities.eu/wp-content/uploads/2019/07/energy-cities-couleur.jpg","contentUrl":"https://energy-cities.eu/wp-content/uploads/2019/07/energy-cities-couleur.jpg","width":3508,"height":2587,"caption":"Energy Cities"},"image":{"@id":"https://energy-cities.eu/fr/#/schema/logo/image/"}},{"@type":"WebSite","@id":"https://energy-cities.eu/fr/#website","url":"https://energy-cities.eu/fr/","name":"Energy Cities","description":" The European learning community for future-proof cities","publisher":{"@id":"https://energy-cities.eu/fr/#organization"},"potentialAction":[{"@type":"SearchAction","target":{"@type":"EntryPoint","urlTemplate":"https://energy-cities.eu/fr/?s={search_term_string}"},"query-input":"required name=search_term_string"}],"inLanguage":"fr-FR"},{"@type":"ImageObject","inLanguage":"fr-FR","@id":"https://energy-cities.eu/fr/membre/ville-de-montmelian/#primaryimage","url":"https://energy-cities.eu/wp-content/uploads/2018/12/Florian-Pépellin_Vieux_Montmélian_vue_aérienne-2000x500.jpg","contentUrl":"https://energy-cities.eu/wp-content/uploads/2018/12/Florian-Pépellin_Vieux_Montmélian_vue_aérienne-2000x500.jpg","width":2000,"height":500,"caption":"©"},{"@type":"WebPage","@id":"https://energy-cities.eu/fr/membre/ville-de-montmelian/#webpage","url":"https://energy-cities.eu/fr/membre/ville-de-montmelian/","name":"Ville de Montmélian - Energy Cities","isPartOf":{"@id":"https://energy-cities.eu/fr/#website"},"primaryImageOfPage":{"@id":"https://energy-cities.eu/fr/membre/ville-de-montmelian/#primaryimage"},"datePublished":"2018-12-05T10:40:10+00:00","dateModified":"2019-06-27T14:36:26+00:00","breadcrumb":{"@id":"https://energy-cities.eu/fr/membre/ville-de-montmelian/#breadcrumb"},"inLanguage":"fr-FR","potentialAction":[{"@type":"ReadAction","target":["https://energy-cities.eu/fr/membre/ville-de-montmelian/"]}]},{"@type":"BreadcrumbList","@id":"https://energy-cities.eu/fr/membre/ville-de-montmelian/#breadcrumb","itemListElement":[{"@type":"ListItem","position":1,"name":"Home","item":"https://energy-cities.eu/fr/nous-sommes-un-reseau-europeen-blabla/"},{"@type":"ListItem","position":2,"name":"Ville de Montmélian"}]}]}</script>
<!-- / Yoast SEO plugin. -->

Ville de Montmélian - Energy Cities

Pionnière de l’énergie solaire qu’elle développe depuis plus de trente ans, la Ville de Montmélian est labellisée Cit’ergie depuis 2007. Elle est l’une des quatre […]

https://energy-cities.eu/wp-content/uploads/2018/12/Florian-Pépellin_Vieux_Montmélian_vue_aérienne-2000x500.jpg

Publié 7 ans il y a

Mis à jour 7 ans il y a

Publié le 05 décembre 2018

Mise à jour le 27 juin 2019

Publié le 05 décembre 2018 10:40

Mise à jour le 27 juin 2019 4:36
