{"id":8206,"date":"2018-12-11T20:18:23","date_gmt":"2018-12-11T20:18:23","guid":{"rendered":"http:\/\/ec.kuusi.ovh\/?post_type=projects&#038;p=8206"},"modified":"2021-08-30T15:40:11","modified_gmt":"2021-08-30T13:40:11","slug":"hot-maps","status":"publish","type":"projects","link":"https:\/\/energy-cities.eu\/fr\/projet\/hot-maps\/","title":{"rendered":"Hot Maps"},"content":{"rendered":"\n<p>Le projet Hot Maps a pour objectif de cr\u00e9er une bo\u00eete \u00e0 outils \u00e0 l\u2019usage des collectivit\u00e9s publiques, agences de l\u2019\u00e9nergie et des urbanistes concernant la planification strat\u00e9gique des r\u00e9seaux de chaleur et de froid aux niveau local, r\u00e9gional et national, en accord avec les politiques europ\u00e9ennes dans ce domaine.<br>Hot Maps d\u00e9veloppe le premier software pour la planification des r\u00e9seaux de chaleur et de froid qui est facile d\u2019utilisation, en&nbsp;<em>open source<\/em>&nbsp;et compatible dans les 28 Etats membres de l\u2019Union europ\u00e9enne.<\/p>\n\n\n\n<h3>Activit\u00e9s<\/h3>\n\n\n\n<ul><li>Cartographier dans les couches de SIG la situation concernant les besoins en \u00e9nergie pour le chauffage et le refroidissement, y compris les potentiels de chaleur renouvelable et de chaleur r\u00e9siduelle ;<\/li><li>Mod\u00e9liser le syst\u00e8me \u00e9nerg\u00e9tique, en tenant compte de l\u2019ad\u00e9quation horaire de l\u2019offre et de la demande, de la r\u00e9ponse \u00e0 la demande, etc. aux niveaux local, r\u00e9gional et national ;<\/li><li>Simuler les options d\u2019offre et de demande pour l\u2019\u00e9tablissement des sc\u00e9narios \u00e0 long terme jusqu\u2019en 2050 concernant, par exemple, les \u00e9missions de CO2, les co\u00fbts \u00e9nerg\u00e9tiques, l\u2019\u00e9volution d\u00e9mographique, la part des \u00e9nergies renouvelables.<\/li><\/ul>\n","protected":false},"excerpt":{"rendered":"<p>Le projet HotMaps a pour objectif de cr\u00e9er une bo\u00eete \u00e0 outils \u00e0 l\u2019usage des collectivit\u00e9s publiques, agences de l\u2019\u00e9nergie et des urbanistes concernant la planification strat\u00e9gique des r\u00e9seaux de chaleur et de froid aux niveau local, r\u00e9gional et national, en accord avec les politiques europ\u00e9ennes dans ce domaine.<\/p>\n","protected":false},"author":30,"featured_media":14400,"template":"","hub":[308],"topic":[102,112],"acf":[],"yoast_head":"<!-- This site is optimized with the Yoast SEO plugin v18.8 - https:\/\/yoast.com\/wordpress\/plugins\/seo\/ -->\n<title>Hot Maps - Energy Cities<\/title>\n<meta name=\"robots\" content=\"index, follow, max-snippet:-1, max-image-preview:large, max-video-preview:-1\" \/>\n<link rel=\"canonical\" href=\"https:\/\/energy-cities.eu\/fr\/projet\/hot-maps\/\" \/>\n<meta property=\"og:locale\" content=\"fr_FR\" \/>\n<meta property=\"og:type\" content=\"article\" \/>\n<meta property=\"og:title\" content=\"Hot Maps - Energy Cities\" \/>\n<meta property=\"og:description\" content=\"Le projet HotMaps a pour objectif de cr\u00e9er une bo\u00eete \u00e0 outils \u00e0 l\u2019usage des collectivit\u00e9s publiques, agences de l\u2019\u00e9nergie et des urbanistes concernant la planification strat\u00e9gique des r\u00e9seaux de chaleur et de froid aux niveau local, r\u00e9gional et national, en accord avec les politiques europ\u00e9ennes dans ce domaine.\" \/>\n<meta property=\"og:url\" content=\"https:\/\/energy-cities.eu\/fr\/projet\/hot-maps\/\" \/>\n<meta property=\"og:site_name\" content=\"Energy Cities\" \/>\n<meta property=\"article:publisher\" content=\"https:\/\/www.facebook.com\/energycities.eu\/\" \/>\n<meta property=\"article:modified_time\" content=\"2021-08-30T13:40:11+00:00\" \/>\n<meta property=\"og:image\" content=\"https:\/\/energy-cities.eu\/wp-content\/uploads\/2019\/04\/hotmaps.png\" \/>\n\t<meta property=\"og:image:width\" content=\"3360\" \/>\n\t<meta property=\"og:image:height\" content=\"1650\" \/>\n\t<meta property=\"og:image:type\" content=\"image\/png\" \/>\n<meta name=\"twitter:card\" content=\"summary_large_image\" \/>\n<meta name=\"twitter:site\" content=\"@energycities\" \/>\n<meta name=\"twitter:label1\" content=\"Dur\u00e9e de lecture estim\u00e9e\" \/>\n\t<meta name=\"twitter:data1\" content=\"1 minute\" \/>\n<script type=\"application\/ld+json\" class=\"yoast-schema-graph\">{\"@context\":\"https:\/\/schema.org\",\"@graph\":[{\"@type\":\"Organization\",\"@id\":\"https:\/\/energy-cities.eu\/fr\/#organization\",\"name\":\"Energy Cities\",\"url\":\"https:\/\/energy-cities.eu\/fr\/\",\"sameAs\":[\"https:\/\/www.facebook.com\/energycities.eu\/\",\"https:\/\/www.youtube.com\/channel\/UChIHn2wF76JzuTbAjSMs0hQ\",\"https:\/\/fr.wikipedia.org\/wiki\/Energy_Cities\",\"https:\/\/twitter.com\/energycities\"],\"logo\":{\"@type\":\"ImageObject\",\"inLanguage\":\"fr-FR\",\"@id\":\"https:\/\/energy-cities.eu\/fr\/#\/schema\/logo\/image\/\",\"url\":\"https:\/\/energy-cities.eu\/wp-content\/uploads\/2019\/07\/energy-cities-couleur.jpg\",\"contentUrl\":\"https:\/\/energy-cities.eu\/wp-content\/uploads\/2019\/07\/energy-cities-couleur.jpg\",\"width\":3508,\"height\":2587,\"caption\":\"Energy Cities\"},\"image\":{\"@id\":\"https:\/\/energy-cities.eu\/fr\/#\/schema\/logo\/image\/\"}},{\"@type\":\"WebSite\",\"@id\":\"https:\/\/energy-cities.eu\/fr\/#website\",\"url\":\"https:\/\/energy-cities.eu\/fr\/\",\"name\":\"Energy Cities\",\"description\":\" The European learning community for future-proof cities\",\"publisher\":{\"@id\":\"https:\/\/energy-cities.eu\/fr\/#organization\"},\"potentialAction\":[{\"@type\":\"SearchAction\",\"target\":{\"@type\":\"EntryPoint\",\"urlTemplate\":\"https:\/\/energy-cities.eu\/fr\/?s={search_term_string}\"},\"query-input\":\"required name=search_term_string\"}],\"inLanguage\":\"fr-FR\"},{\"@type\":\"ImageObject\",\"inLanguage\":\"fr-FR\",\"@id\":\"https:\/\/energy-cities.eu\/fr\/projet\/hot-maps\/#primaryimage\",\"url\":\"https:\/\/energy-cities.eu\/wp-content\/uploads\/2019\/04\/hotmaps.png\",\"contentUrl\":\"https:\/\/energy-cities.eu\/wp-content\/uploads\/2019\/04\/hotmaps.png\",\"width\":3360,\"height\":1650,\"caption\":\"Hotmaps _Post card image\"},{\"@type\":\"WebPage\",\"@id\":\"https:\/\/energy-cities.eu\/fr\/projet\/hot-maps\/#webpage\",\"url\":\"https:\/\/energy-cities.eu\/fr\/projet\/hot-maps\/\",\"name\":\"Hot Maps - Energy Cities\",\"isPartOf\":{\"@id\":\"https:\/\/energy-cities.eu\/fr\/#website\"},\"primaryImageOfPage\":{\"@id\":\"https:\/\/energy-cities.eu\/fr\/projet\/hot-maps\/#primaryimage\"},\"datePublished\":\"2018-12-11T20:18:23+00:00\",\"dateModified\":\"2021-08-30T13:40:11+00:00\",\"breadcrumb\":{\"@id\":\"https:\/\/energy-cities.eu\/fr\/projet\/hot-maps\/#breadcrumb\"},\"inLanguage\":\"fr-FR\",\"potentialAction\":[{\"@type\":\"ReadAction\",\"target\":[\"https:\/\/energy-cities.eu\/fr\/projet\/hot-maps\/\"]}]},{\"@type\":\"BreadcrumbList\",\"@id\":\"https:\/\/energy-cities.eu\/fr\/projet\/hot-maps\/#breadcrumb\",\"itemListElement\":[{\"@type\":\"ListItem\",\"position\":1,\"name\":\"Home\",\"item\":\"https:\/\/energy-cities.eu\/fr\/nous-sommes-un-reseau-europeen-blabla\/\"},{\"@type\":\"ListItem\",\"position\":2,\"name\":\"Hot Maps\"}]}]}<\/script>\n<!-- \/ Yoast SEO plugin. -->","yoast_head_json":{"title":"Hot Maps - Energy Cities","robots":{"index":"index","follow":"follow","max-snippet":"max-snippet:-1","max-image-preview":"max-image-preview:large","max-video-preview":"max-video-preview:-1"},"canonical":"https:\/\/energy-cities.eu\/fr\/projet\/hot-maps\/","og_locale":"fr_FR","og_type":"article","og_title":"Hot Maps - Energy Cities","og_description":"Le projet HotMaps a pour objectif de cr\u00e9er une bo\u00eete \u00e0 outils \u00e0 l\u2019usage des collectivit\u00e9s publiques, agences de l\u2019\u00e9nergie et des urbanistes concernant la planification strat\u00e9gique des r\u00e9seaux de chaleur et de froid aux niveau local, r\u00e9gional et national, en accord avec les politiques europ\u00e9ennes dans ce domaine.","og_url":"https:\/\/energy-cities.eu\/fr\/projet\/hot-maps\/","og_site_name":"Energy Cities","article_publisher":"https:\/\/www.facebook.com\/energycities.eu\/","article_modified_time":"2021-08-30T13:40:11+00:00","og_image":[{"width":3360,"height":1650,"url":"https:\/\/energy-cities.eu\/wp-content\/uploads\/2019\/04\/hotmaps.png","type":"image\/png"}],"twitter_card":"summary_large_image","twitter_site":"@energycities","twitter_misc":{"Dur\u00e9e de lecture estim\u00e9e":"1 minute"},"schema":{"@context":"https:\/\/schema.org","@graph":[{"@type":"Organization","@id":"https:\/\/energy-cities.eu\/fr\/#organization","name":"Energy Cities","url":"https:\/\/energy-cities.eu\/fr\/","sameAs":["https:\/\/www.facebook.com\/energycities.eu\/","https:\/\/www.youtube.com\/channel\/UChIHn2wF76JzuTbAjSMs0hQ","https:\/\/fr.wikipedia.org\/wiki\/Energy_Cities","https:\/\/twitter.com\/energycities"],"logo":{"@type":"ImageObject","inLanguage":"fr-FR","@id":"https:\/\/energy-cities.eu\/fr\/#\/schema\/logo\/image\/","url":"https:\/\/energy-cities.eu\/wp-content\/uploads\/2019\/07\/energy-cities-couleur.jpg","contentUrl":"https:\/\/energy-cities.eu\/wp-content\/uploads\/2019\/07\/energy-cities-couleur.jpg","width":3508,"height":2587,"caption":"Energy Cities"},"image":{"@id":"https:\/\/energy-cities.eu\/fr\/#\/schema\/logo\/image\/"}},{"@type":"WebSite","@id":"https:\/\/energy-cities.eu\/fr\/#website","url":"https:\/\/energy-cities.eu\/fr\/","name":"Energy Cities","description":" The European learning community for future-proof cities","publisher":{"@id":"https:\/\/energy-cities.eu\/fr\/#organization"},"potentialAction":[{"@type":"SearchAction","target":{"@type":"EntryPoint","urlTemplate":"https:\/\/energy-cities.eu\/fr\/?s={search_term_string}"},"query-input":"required name=search_term_string"}],"inLanguage":"fr-FR"},{"@type":"ImageObject","inLanguage":"fr-FR","@id":"https:\/\/energy-cities.eu\/fr\/projet\/hot-maps\/#primaryimage","url":"https:\/\/energy-cities.eu\/wp-content\/uploads\/2019\/04\/hotmaps.png","contentUrl":"https:\/\/energy-cities.eu\/wp-content\/uploads\/2019\/04\/hotmaps.png","width":3360,"height":1650,"caption":"Hotmaps _Post card image"},{"@type":"WebPage","@id":"https:\/\/energy-cities.eu\/fr\/projet\/hot-maps\/#webpage","url":"https:\/\/energy-cities.eu\/fr\/projet\/hot-maps\/","name":"Hot Maps - Energy Cities","isPartOf":{"@id":"https:\/\/energy-cities.eu\/fr\/#website"},"primaryImageOfPage":{"@id":"https:\/\/energy-cities.eu\/fr\/projet\/hot-maps\/#primaryimage"},"datePublished":"2018-12-11T20:18:23+00:00","dateModified":"2021-08-30T13:40:11+00:00","breadcrumb":{"@id":"https:\/\/energy-cities.eu\/fr\/projet\/hot-maps\/#breadcrumb"},"inLanguage":"fr-FR","potentialAction":[{"@type":"ReadAction","target":["https:\/\/energy-cities.eu\/fr\/projet\/hot-maps\/"]}]},{"@type":"BreadcrumbList","@id":"https:\/\/energy-cities.eu\/fr\/projet\/hot-maps\/#breadcrumb","itemListElement":[{"@type":"ListItem","position":1,"name":"Home","item":"https:\/\/energy-cities.eu\/fr\/nous-sommes-un-reseau-europeen-blabla\/"},{"@type":"ListItem","position":2,"name":"Hot Maps"}]}]}},"featured_img":"https:\/\/energy-cities.eu\/wp-content\/uploads\/2019\/04\/hotmaps.png","coauthors":[],"author_meta":{"author_link":"https:\/\/energy-cities.eu\/fr\/staff\/b-karas\/","display_name":"Beatrice Karas"},"relative_dates":{"created":"Publi\u00e9 7 ans il y a","modified":"Mis \u00e0 jour 5 ans il y a"},"absolute_dates":{"created":"Publi\u00e9 le 11 d\u00e9cembre 2018","modified":"Mise \u00e0 jour le 30 ao\u00fbt 2021"},"absolute_dates_time":{"created":"Publi\u00e9 le 11 d\u00e9cembre 2018 8:18  ","modified":"Mise \u00e0 jour le 30 ao\u00fbt 2021 3:40  "},"featured_img_caption":"","tax_additional":{"hub":{"linked":["<a href=\"https:\/\/energy-cities.eu\/fr\/hub\/villes-zero-carbone\/\" class=\"advgb-post-tax-term\">Villes z\u00e9ro carbone<\/a>"],"unlinked":["<span class=\"advgb-post-tax-term\">Villes z\u00e9ro carbone<\/span>"],"slug":"hub","name":"Hubs"},"topic":{"linked":["<a href=\"https:\/\/energy-cities.eu\/fr\/th\u00e9matique\/outils-formation\/\" class=\"advgb-post-tax-term\">Outils &amp; formation<\/a>","<a href=\"https:\/\/energy-cities.eu\/fr\/th\u00e9matique\/chaleur-froid\/\" class=\"advgb-post-tax-term\">Chaleur &amp; Froid<\/a>"],"unlinked":["<span class=\"advgb-post-tax-term\">Outils &amp; formation<\/span>","<span class=\"advgb-post-tax-term\">Chaleur &amp; Froid<\/span>"],"slug":"topic","name":"Topics"}},"_links":{"self":[{"href":"https:\/\/energy-cities.eu\/fr\/wp-json\/wp\/v2\/projects\/8206"}],"collection":[{"href":"https:\/\/energy-cities.eu\/fr\/wp-json\/wp\/v2\/projects"}],"about":[{"href":"https:\/\/energy-cities.eu\/fr\/wp-json\/wp\/v2\/types\/projects"}],"author":[{"embeddable":true,"href":"https:\/\/energy-cities.eu\/fr\/wp-json\/wp\/v2\/users\/30"}],"version-history":[{"count":17,"href":"https:\/\/energy-cities.eu\/fr\/wp-json\/wp\/v2\/projects\/8206\/revisions"}],"predecessor-version":[{"id":41595,"href":"https:\/\/energy-cities.eu\/fr\/wp-json\/wp\/v2\/projects\/8206\/revisions\/41595"}],"wp:featuredmedia":[{"embeddable":true,"href":"https:\/\/energy-cities.eu\/fr\/wp-json\/wp\/v2\/media\/14400"}],"wp:attachment":[{"href":"https:\/\/energy-cities.eu\/fr\/wp-json\/wp\/v2\/media?parent=8206"}],"wp:term":[{"taxonomy":"hub","embeddable":true,"href":"https:\/\/energy-cities.eu\/fr\/wp-json\/wp\/v2\/hub?post=8206"},{"taxonomy":"topic","embeddable":true,"href":"https:\/\/energy-cities.eu\/fr\/wp-json\/wp\/v2\/topic?post=8206"}],"curies":[{"name":"wp","href":"https:\/\/api.w.org\/{rel}","templated":true}]}}

<p>Le projet Hot Maps a pour objectif de créer une boîte à outils à l’usage des collectivités publiques, agences de l’énergie et des urbanistes concernant la planification stratégique des réseaux de chaleur et de froid aux niveau local, régional et national, en accord avec les politiques européennes dans ce domaine.<br>Hot Maps développe le premier software pour la planification des réseaux de chaleur et de froid qui est facile d’utilisation, en&nbsp;<em>open source</em>&nbsp;et compatible dans les 28 Etats membres de l’Union européenne.</p>



<h3>Activités</h3>



<ul><li>Cartographier dans les couches de SIG la situation concernant les besoins en énergie pour le chauffage et le refroidissement, y compris les potentiels de chaleur renouvelable et de chaleur résiduelle ;</li><li>Modéliser le système énergétique, en tenant compte de l’adéquation horaire de l’offre et de la demande, de la réponse à la demande, etc. aux niveaux local, régional et national ;</li><li>Simuler les options d’offre et de demande pour l’établissement des scénarios à long terme jusqu’en 2050 concernant, par exemple, les émissions de CO2, les coûts énergétiques, l’évolution démographique, la part des énergies renouvelables.</li></ul>

<p>Le projet HotMaps a pour objectif de créer une boîte à outils à l’usage des collectivités publiques, agences de l’énergie et des urbanistes concernant la planification stratégique des réseaux de chaleur et de froid aux niveau local, régional et national, en accord avec les politiques européennes dans ce domaine.</p>

<!-- This site is optimized with the Yoast SEO plugin v18.8 - https://yoast.com/wordpress/plugins/seo/ -->
<title>Hot Maps - Energy Cities</title>
<meta name="robots" content="index, follow, max-snippet:-1, max-image-preview:large, max-video-preview:-1" />
<link rel="canonical" href="https://energy-cities.eu/fr/projet/hot-maps/" />
<meta property="og:locale" content="fr_FR" />
<meta property="og:type" content="article" />
<meta property="og:title" content="Hot Maps - Energy Cities" />
<meta property="og:description" content="Le projet HotMaps a pour objectif de créer une boîte à outils à l’usage des collectivités publiques, agences de l’énergie et des urbanistes concernant la planification stratégique des réseaux de chaleur et de froid aux niveau local, régional et national, en accord avec les politiques européennes dans ce domaine." />
<meta property="og:url" content="https://energy-cities.eu/fr/projet/hot-maps/" />
<meta property="og:site_name" content="Energy Cities" />
<meta property="article:publisher" content="https://www.facebook.com/energycities.eu/" />
<meta property="article:modified_time" content="2021-08-30T13:40:11+00:00" />
<meta property="og:image" content="https://energy-cities.eu/wp-content/uploads/2019/04/hotmaps.png" />
	<meta property="og:image:width" content="3360" />
	<meta property="og:image:height" content="1650" />
	<meta property="og:image:type" content="image/png" />
<meta name="twitter:card" content="summary_large_image" />
<meta name="twitter:site" content="@energycities" />
<meta name="twitter:label1" content="Durée de lecture estimée" />
	<meta name="twitter:data1" content="1 minute" />
<script type="application/ld+json" class="yoast-schema-graph">{"@context":"https://schema.org","@graph":[{"@type":"Organization","@id":"https://energy-cities.eu/fr/#organization","name":"Energy Cities","url":"https://energy-cities.eu/fr/","sameAs":["https://www.facebook.com/energycities.eu/","https://www.youtube.com/channel/UChIHn2wF76JzuTbAjSMs0hQ","https://fr.wikipedia.org/wiki/Energy_Cities","https://twitter.com/energycities"],"logo":{"@type":"ImageObject","inLanguage":"fr-FR","@id":"https://energy-cities.eu/fr/#/schema/logo/image/","url":"https://energy-cities.eu/wp-content/uploads/2019/07/energy-cities-couleur.jpg","contentUrl":"https://energy-cities.eu/wp-content/uploads/2019/07/energy-cities-couleur.jpg","width":3508,"height":2587,"caption":"Energy Cities"},"image":{"@id":"https://energy-cities.eu/fr/#/schema/logo/image/"}},{"@type":"WebSite","@id":"https://energy-cities.eu/fr/#website","url":"https://energy-cities.eu/fr/","name":"Energy Cities","description":" The European learning community for future-proof cities","publisher":{"@id":"https://energy-cities.eu/fr/#organization"},"potentialAction":[{"@type":"SearchAction","target":{"@type":"EntryPoint","urlTemplate":"https://energy-cities.eu/fr/?s={search_term_string}"},"query-input":"required name=search_term_string"}],"inLanguage":"fr-FR"},{"@type":"ImageObject","inLanguage":"fr-FR","@id":"https://energy-cities.eu/fr/projet/hot-maps/#primaryimage","url":"https://energy-cities.eu/wp-content/uploads/2019/04/hotmaps.png","contentUrl":"https://energy-cities.eu/wp-content/uploads/2019/04/hotmaps.png","width":3360,"height":1650,"caption":"Hotmaps _Post card image"},{"@type":"WebPage","@id":"https://energy-cities.eu/fr/projet/hot-maps/#webpage","url":"https://energy-cities.eu/fr/projet/hot-maps/","name":"Hot Maps - Energy Cities","isPartOf":{"@id":"https://energy-cities.eu/fr/#website"},"primaryImageOfPage":{"@id":"https://energy-cities.eu/fr/projet/hot-maps/#primaryimage"},"datePublished":"2018-12-11T20:18:23+00:00","dateModified":"2021-08-30T13:40:11+00:00","breadcrumb":{"@id":"https://energy-cities.eu/fr/projet/hot-maps/#breadcrumb"},"inLanguage":"fr-FR","potentialAction":[{"@type":"ReadAction","target":["https://energy-cities.eu/fr/projet/hot-maps/"]}]},{"@type":"BreadcrumbList","@id":"https://energy-cities.eu/fr/projet/hot-maps/#breadcrumb","itemListElement":[{"@type":"ListItem","position":1,"name":"Home","item":"https://energy-cities.eu/fr/nous-sommes-un-reseau-europeen-blabla/"},{"@type":"ListItem","position":2,"name":"Hot Maps"}]}]}</script>
<!-- / Yoast SEO plugin. -->

Le projet HotMaps a pour objectif de créer une boîte à outils à l’usage des collectivités publiques, agences de l’énergie et des urbanistes concernant la planification stratégique des réseaux de chaleur et de froid aux niveau local, régional et national, en accord avec les politiques européennes dans ce domaine.

Publié 7 ans il y a

Mis à jour 5 ans il y a

Publié le 11 décembre 2018

Mise à jour le 30 août 2021

Publié le 11 décembre 2018 8:18

Mise à jour le 30 août 2021 3:40

<a href="https://energy-cities.eu/fr/hub/villes-zero-carbone/" class="advgb-post-tax-term">Villes zéro carbone</a>

<span class="advgb-post-tax-term">Villes zéro carbone</span>

<a href="https://energy-cities.eu/fr/thématique/outils-formation/" class="advgb-post-tax-term">Outils &amp; formation</a>

<a href="https://energy-cities.eu/fr/thématique/chaleur-froid/" class="advgb-post-tax-term">Chaleur &amp; Froid</a>
